{"id":11120,"date":"2018-02-25T12:00:54","date_gmt":"2018-02-25T11:00:54","guid":{"rendered":"http:\/\/www.killcam.cz\/?page_id=11120"},"modified":"2018-02-25T12:00:54","modified_gmt":"2018-02-25T11:00:54","slug":"monaco","status":"publish","type":"page","link":"https:\/\/www.killcam.cz\/?page_id=11120","title":{"rendered":"Monaco"},"content":{"rendered":"<ul class=\"lcp_catlist\" id=\"lcp_instance_0\"><li><a href=\"https:\/\/www.killcam.cz\/?p=20282\">Wadi Rum &#038; Aqaba<\/a><\/li><li><a href=\"https:\/\/www.killcam.cz\/?p=20174\">Petra<\/a><\/li><li><a href=\"https:\/\/www.killcam.cz\/?p=20126\">Mrtv\u00fd mo\u0159e<\/a><\/li><li><a href=\"https:\/\/www.killcam.cz\/?p=12379\">Amm\u00e1n<\/a><\/li><li><a href=\"https:\/\/www.killcam.cz\/?p=12211\">Z\u00e1\u0159\u00ed 2018<\/a><\/li><li><a href=\"https:\/\/www.killcam.cz\/?p=12049\">Srpen 2018<\/a><\/li><li><a href=\"https:\/\/www.killcam.cz\/?p=11878\">\u010cervenec 2018<\/a><\/li><li><a href=\"https:\/\/www.killcam.cz\/?p=11755\">Dovolen\u00e1 v \u010cesku<\/a><\/li><li><a href=\"https:\/\/www.killcam.cz\/?p=11722\">\u010cerven 2018<\/a><\/li><li><a href=\"https:\/\/www.killcam.cz\/?p=11593\">Kv\u011bten 2018<\/a><\/li><li><a href=\"https:\/\/www.killcam.cz\/?p=11527\">Duben 2018<\/a><\/li><li><a href=\"https:\/\/www.killcam.cz\/?p=11239\">B\u0159ezen 2018<\/a><\/li><li><a href=\"https:\/\/www.killcam.cz\/?p=11362\">\u00danor 2018<\/a><\/li><li><a href=\"https:\/\/www.killcam.cz\/?p=10709\">Leden 2018<\/a><\/li><li><a href=\"https:\/\/www.killcam.cz\/?p=10703\">Tel Aviv &#8211; Jaffa<\/a><\/li><li><a href=\"https:\/\/www.killcam.cz\/?p=10409\">Hoi An dvojka<\/a><\/li><li><a href=\"https:\/\/www.killcam.cz\/?p=10412\">\u00dater\u00fd<\/a><\/li><li><a href=\"https:\/\/www.killcam.cz\/?p=10388\">Phong Nha podruh&eacute;<\/a><\/li><li><a href=\"https:\/\/www.killcam.cz\/?p=10313\">Milford sound a Chasm<\/a><\/li><li><a href=\"https:\/\/www.killcam.cz\/?p=10229\">St&aacute;le \u017eiju!<\/a><\/li><li><a href=\"https:\/\/www.killcam.cz\/?p=10145\">Prvn&iacute; t&yacute;den v pr&aacute;ci<\/a><\/li><li><a href=\"https:\/\/www.killcam.cz\/?p=10106\">M\u011bs&iacute;c za mnou<\/a><\/li><li><a href=\"https:\/\/www.killcam.cz\/?p=9998\">Zp&aacute;tky na Kypr<\/a><\/li><li><a href=\"https:\/\/www.killcam.cz\/?p=9920\">Nantes<\/a><\/li><li><a href=\"https:\/\/www.killcam.cz\/?p=9770\">Helsinky<\/a><\/li><li><a href=\"https:\/\/www.killcam.cz\/?p=9677\">Talin<\/a><\/li><li><a href=\"https:\/\/www.killcam.cz\/?p=9590\">Ostrov Saaremaa<\/a><\/li><li><a href=\"https:\/\/www.killcam.cz\/?p=9509\">Sigulda a Ligatne<\/a><\/li><li><a href=\"https:\/\/www.killcam.cz\/?p=9503\">Riga<\/a><\/li><li><a href=\"https:\/\/www.killcam.cz\/?p=9236\">Palanga, Liepaia a Ventspils<\/a><\/li><li><a href=\"https:\/\/www.killcam.cz\/?p=9230\">Kursk\u00e1 kosa<\/a><\/li><li><a href=\"https:\/\/www.killcam.cz\/?p=9131\">Kaunas<\/a><\/li><li><a href=\"https:\/\/www.killcam.cz\/?p=9035\">Vilnius<\/a><\/li><li><a href=\"https:\/\/www.killcam.cz\/?p=9029\">August\u00f3w<\/a><\/li><li><a href=\"https:\/\/www.killcam.cz\/?p=9017\">Wydmy ruchome<\/a><\/li><li><a href=\"https:\/\/www.killcam.cz\/?p=8927\">Hel<\/a><\/li><li><a href=\"https:\/\/www.killcam.cz\/?p=8867\">Gertrude saddle<\/a><\/li><li><a href=\"https:\/\/www.killcam.cz\/?p=8783\">Key summit a Earland falls<\/a><\/li><li><a href=\"https:\/\/www.killcam.cz\/?p=8642\">Remarkables<\/a><\/li><li><a href=\"https:\/\/www.killcam.cz\/?p=8570\">Queenstown<\/a><\/li><li><a href=\"https:\/\/www.killcam.cz\/?p=8522\">Clay cliffs &amp; Clutha river<\/a><\/li><li><a href=\"https:\/\/www.killcam.cz\/?p=8474\">Mt. Cook a okol&iacute;<\/a><\/li><li><a href=\"https:\/\/www.killcam.cz\/?p=8348\">Hanmer Springs a Christchurch<\/a><\/li><li><a href=\"https:\/\/www.killcam.cz\/?p=8300\">Silnice do Kaikoury a Molesworth<\/a><\/li><li><a href=\"https:\/\/www.killcam.cz\/?p=8240\">Singapur<\/a><\/li><li><a href=\"https:\/\/www.killcam.cz\/?p=8138\">Taman Negara<\/a><\/li><li><a href=\"https:\/\/www.killcam.cz\/?p=8030\">Langkawi<\/a><\/li><li><a href=\"https:\/\/www.killcam.cz\/?p=7856\">Hue<\/a><\/li><li><a href=\"https:\/\/www.killcam.cz\/?p=7796\">Penang<\/a><\/li><li><a href=\"https:\/\/www.killcam.cz\/?p=7670\">Kuala Lumpur<\/a><\/li><li><a href=\"https:\/\/www.killcam.cz\/?p=7550\">Hanoj pot\u0159et&iacute;<\/a><\/li><li><a href=\"https:\/\/www.killcam.cz\/?p=7496\">Sa Pa<\/a><\/li><li><a href=\"https:\/\/www.killcam.cz\/?p=7424\">Blenheim<\/a><\/li><li><a href=\"https:\/\/www.killcam.cz\/?p=7388\">Ostrov Cat Ba<\/a><\/li><li><a href=\"https:\/\/www.killcam.cz\/?p=7232\">French Pass<\/a><\/li><li><a href=\"https:\/\/www.killcam.cz\/?p=7154\">One Night in Hanoi<\/a><\/li><li><a href=\"https:\/\/www.killcam.cz\/?p=7139\">Tam Coc<\/a><\/li><li><a href=\"https:\/\/www.killcam.cz\/?p=7055\">Phong Nha<\/a><\/li><li><a href=\"https:\/\/www.killcam.cz\/?p=6968\">Hoi An<\/a><\/li><li><a href=\"https:\/\/www.killcam.cz\/?p=6914\">Nha Trang<\/a><\/li><li><a href=\"https:\/\/www.killcam.cz\/?p=6812\">Dalat<\/a><\/li><li><a href=\"https:\/\/www.killcam.cz\/?p=6716\">Mui Ne<\/a><\/li><li><a href=\"https:\/\/www.killcam.cz\/?p=6638\">Vung Tau<\/a><\/li><li><a href=\"https:\/\/www.killcam.cz\/?p=6575\">Delta \u0159eky Mekong<\/a><\/li><li><a href=\"https:\/\/www.killcam.cz\/?p=6485\">Druhej den Sajgon<\/a><\/li><li><a href=\"https:\/\/www.killcam.cz\/?p=6395\">Jsem ve Vietnamu<\/a><\/li><li><a href=\"https:\/\/www.killcam.cz\/?p=6359\">Cable bay a drak<\/a><\/li><li><a href=\"https:\/\/www.killcam.cz\/?p=6329\">Harwoods hole, Luminate, Riwaka, Rabbit island<\/a><\/li><li><a href=\"https:\/\/www.killcam.cz\/?p=6251\">Jeskyn\u011b Rawhiti a vodop&aacute;d Wainui<\/a><\/li><li><a href=\"https:\/\/www.killcam.cz\/?p=6197\">Grove a Labyrinth rocks<\/a><\/li><li><a href=\"https:\/\/www.killcam.cz\/?p=6125\">Dry road<\/a><\/li><li><a href=\"https:\/\/www.killcam.cz\/?p=5984\">Kaihoka lakes<\/a><\/li><li><a href=\"https:\/\/www.killcam.cz\/?p=5948\">Wharariki beach a farewell cape<\/a><\/li><li><a href=\"https:\/\/www.killcam.cz\/?p=5804\">Motueka a Farewell spit<\/a><\/li><li><a href=\"https:\/\/www.killcam.cz\/?p=5702\">Old Ghost Road<\/a><\/li><li><a href=\"https:\/\/www.killcam.cz\/?p=5648\">Nelson Lakes: Travers-Sabine Circuit<\/a><\/li><li><a href=\"https:\/\/www.killcam.cz\/?p=5480\">Trajekt&ndash;Picton&ndash;Nelson<\/a><\/li><li><a href=\"https:\/\/www.killcam.cz\/?p=5450\">Wellington<\/a><\/li><li><a href=\"https:\/\/www.killcam.cz\/?p=5372\">Wanganui&ndash;Bulls<\/a><\/li><li><a href=\"https:\/\/www.killcam.cz\/?p=5315\">New Plymouth&ndash;Hawera&ndash;Patea<\/a><\/li><li><a href=\"https:\/\/www.killcam.cz\/?p=5225\">New Plymouth<\/a><\/li><li><a href=\"https:\/\/www.killcam.cz\/?p=5189\">Mt. Taranaki<\/a><\/li><li><a href=\"https:\/\/www.killcam.cz\/?p=5045\">Forgotten world highway<\/a><\/li><li><a href=\"https:\/\/www.killcam.cz\/?p=4931\">Tama lakes<\/a><\/li><li><a href=\"https:\/\/www.killcam.cz\/?p=4847\">Tongariro alpine crossing<\/a><\/li><li><a href=\"https:\/\/www.killcam.cz\/?p=4733\">Taupo<\/a><\/li><li><a href=\"https:\/\/www.killcam.cz\/?p=4709\">Rotorua<\/a><\/li><li><a href=\"https:\/\/www.killcam.cz\/?p=4589\">Tauranga<\/a><\/li><li><a href=\"https:\/\/www.killcam.cz\/?p=4517\">Kone\u010dn\u011b na cest\u011b<\/a><\/li><li><a href=\"https:\/\/www.killcam.cz\/?p=4466\">Mil&yacute; den&iacute;\u010dku<\/a><\/li><li><a href=\"https:\/\/www.killcam.cz\/?p=4349\">Coromandel<\/a><\/li><li><a href=\"https:\/\/www.killcam.cz\/?p=4142\">Waiheke<\/a><\/li><li><a href=\"https:\/\/www.killcam.cz\/?p=4073\">Novinky z Aucklandu<\/a><\/li><li><a href=\"https:\/\/www.killcam.cz\/?p=4001\">#feelRaro<\/a><\/li><li><a href=\"https:\/\/www.killcam.cz\/?p=3722\">Rarotonga&ndash;u\u017eite\u010dn&eacute; informace<\/a><\/li><li><a href=\"https:\/\/www.killcam.cz\/?p=3680\">Kone\u010dn\u011b dovolen&aacute;<\/a><\/li><li><a href=\"https:\/\/www.killcam.cz\/?p=3659\">R&yacute;mi\u010dka<\/a><\/li><li><a href=\"https:\/\/www.killcam.cz\/?p=3545\">P\u0159ihod\u00ed\u0161 a vyhraje\u0161&#8230; n\u011bkdy<\/a><\/li><li><a href=\"https:\/\/www.killcam.cz\/?p=3536\">Kayak<\/a><\/li><li><a href=\"https:\/\/www.killcam.cz\/?p=3458\">Karangahake, Sky tower a Piha beach<\/a><\/li><li><a href=\"https:\/\/www.killcam.cz\/?p=3353\">10 dn&iacute; nepr&scaron;elo<\/a><\/li><li><a href=\"https:\/\/www.killcam.cz\/?p=3287\">St\u011bhov&aacute;n&iacute;<\/a><\/li><li><a href=\"https:\/\/www.killcam.cz\/?p=3179\">V&yacute;let do Waitakere<\/a><\/li><li><a href=\"https:\/\/www.killcam.cz\/?p=3074\">Nic se ned\u011bje<\/a><\/li><li><a href=\"https:\/\/www.killcam.cz\/?p=2999\">Hovnometa\u0159<\/a><\/li><li><a href=\"https:\/\/www.killcam.cz\/?p=2966\">T&yacute;den zm\u011bn<\/a><\/li><li><a href=\"https:\/\/www.killcam.cz\/?p=2879\">Posledn&iacute; kiwi zabaleno<\/a><\/li><li><a href=\"https:\/\/www.killcam.cz\/?p=2792\">Krabicujem<\/a><\/li><li><a href=\"https:\/\/www.killcam.cz\/?p=2720\">J&aacute;trov&eacute; Kari po Sr&iacute;-lansku<\/a><\/li><li><a href=\"https:\/\/www.killcam.cz\/?p=2648\">Kiwi&ndash;to ovoce<\/a><\/li><li><a href=\"https:\/\/www.killcam.cz\/?p=2627\">P\u0159e\u017e&iacute;v&aacute;m<\/a><\/li><li><a href=\"https:\/\/www.killcam.cz\/?p=2597\">Interview<\/a><\/li><li><a href=\"https:\/\/www.killcam.cz\/?p=2585\">Je to za mnou<\/a><\/li><li><a href=\"https:\/\/www.killcam.cz\/?p=2519\">Jedem bomby<\/a><\/li><li><a href=\"https:\/\/www.killcam.cz\/?p=2480\">Dal&scaron;&iacute; tejden oliv<\/a><\/li><li><a href=\"https:\/\/www.killcam.cz\/?p=2420\">V&iacute;kend<\/a><\/li><li><a href=\"https:\/\/www.killcam.cz\/?p=2336\">P&aacute;t&yacute; den oliv<\/a><\/li><li><a href=\"https:\/\/www.killcam.cz\/?p=2312\">Prvn&iacute; vejplata<\/a><\/li><li><a href=\"https:\/\/www.killcam.cz\/?p=2264\">Mak&aacute;me bez pap&iacute;ru<\/a><\/li><li><a href=\"https:\/\/www.killcam.cz\/?p=2243\">Miluju olivy<\/a><\/li><li><a href=\"https:\/\/www.killcam.cz\/?p=2207\">Tak jsem zase na severu<\/a><\/li><li><a href=\"https:\/\/www.killcam.cz\/?p=2156\">Bl&aacute;znivej p&aacute;tek<\/a><\/li><li><a href=\"https:\/\/www.killcam.cz\/?p=2147\">Druh&yacute; den v pr&aacute;ci<\/a><\/li><li><a href=\"https:\/\/www.killcam.cz\/?p=2120\">Hur&aacute;, mak&aacute;m ve sklen&iacute;ku<\/a><\/li><li><a href=\"https:\/\/www.killcam.cz\/?p=2102\">Kemp Sandspits<\/a><\/li><li><a href=\"https:\/\/www.killcam.cz\/?p=2060\">Kemp Schishka<\/a><\/li><li><a href=\"https:\/\/www.killcam.cz\/?p=2012\">N&aacute;hradn&iacute; kolo<\/a><\/li><li><a href=\"https:\/\/www.killcam.cz\/?p=1967\">St&aacute;le bez pr&aacute;ce<\/a><\/li><li><a href=\"https:\/\/www.killcam.cz\/?p=1940\">Tak u\u017e m&aacute;m \u0159idi\u010d&aacute;k<\/a><\/li><li><a href=\"https:\/\/www.killcam.cz\/?p=1913\">V&iacute;kendov&aacute; pohoda<\/a><\/li><li><a href=\"https:\/\/www.killcam.cz\/?p=1742\">Pl&aacute;\u017ee a Mt. Roskill<\/a><\/li><li><a href=\"https:\/\/www.killcam.cz\/?p=1733\">Nuda v Aucklandu<\/a><\/li><li><a href=\"https:\/\/www.killcam.cz\/?p=1694\">Oukej<\/a><\/li><li><a href=\"https:\/\/www.killcam.cz\/?p=1643\">Car fair<\/a><\/li><li><a href=\"https:\/\/www.killcam.cz\/?p=1370\">Bike<\/a><\/li><li><a href=\"https:\/\/www.killcam.cz\/?p=1349\">T&yacute;den za mnou<\/a><\/li><li><a href=\"https:\/\/www.killcam.cz\/?p=1319\">Pracovn&iacute; agentury<\/a><\/li><li><a href=\"https:\/\/www.killcam.cz\/?p=1292\">Ostrov Rangitoto<\/a><\/li><li><a href=\"https:\/\/www.killcam.cz\/?p=1238\">Banky<\/a><\/li><li><a href=\"https:\/\/www.killcam.cz\/?p=1214\">Auckland&ndash;prvn&iacute; den<\/a><\/li><li><a href=\"https:\/\/www.killcam.cz\/?p=1172\">Taipei<\/a><\/li><li><a href=\"https:\/\/www.killcam.cz\/?p=1076\">P\u0159elet<\/a><\/li><li><a href=\"https:\/\/www.killcam.cz\/?p=1025\">P\u0159\u00edpravy na Z\u00e9land<\/a><\/li><li><a href=\"https:\/\/www.killcam.cz\/?p=891\">Uzav\u0159en\u00ed Thajsk\u00e9ho dobrodru\u017estv\u00ed<\/a><\/li><li><a href=\"https:\/\/www.killcam.cz\/?p=888\">Chiang Mai &#8211; Bangkok<\/a><\/li><li><a href=\"https:\/\/www.killcam.cz\/?p=876\">Doi Pui<\/a><\/li><li><a href=\"https:\/\/www.killcam.cz\/?p=866\">Druh\u00fd den v NP<\/a><\/li><li><a href=\"https:\/\/www.killcam.cz\/?p=852\">Nejvy\u0161\u0161\u00ed bod Thajska<\/a><\/li><li><a href=\"https:\/\/www.killcam.cz\/?p=838\">Chiang Mai<\/a><\/li><li><a href=\"https:\/\/www.killcam.cz\/?p=828\">T\u0159et\u00ed t\u0159\u00eddou<\/a><\/li><li><a href=\"https:\/\/www.killcam.cz\/?p=819\">Zp\u00e1tky v Bangkoku<\/a><\/li><li><a href=\"https:\/\/www.killcam.cz\/?p=807\">Phi phi leh<\/a><\/li><li><a href=\"https:\/\/www.killcam.cz\/?p=797\">Phi phi<\/a><\/li><li><a href=\"https:\/\/www.killcam.cz\/?p=790\">Ko Pha Ngan<\/a><\/li><li><a href=\"https:\/\/www.killcam.cz\/?p=773\">Pam\u00e1tky, pl\u00e1\u017ee a sloni<\/a><\/li><li><a href=\"https:\/\/www.killcam.cz\/?p=752\">Kolem ostrova<\/a><\/li><li><a href=\"https:\/\/www.killcam.cz\/?p=737\">Koh Samui<\/a><\/li><li><a href=\"https:\/\/www.killcam.cz\/?p=728\">Chinatown<\/a><\/li><li><a href=\"https:\/\/www.killcam.cz\/?p=719\">1000 a jeden budha<\/a><\/li><li><a href=\"https:\/\/www.killcam.cz\/?p=709\">Dosavadn\u00ed poznatky<\/a><\/li><li><a href=\"https:\/\/www.killcam.cz\/?p=707\">The Great Palace<\/a><\/li><li><a href=\"https:\/\/www.killcam.cz\/?p=698\">Bangkok &#8211; prvn\u00ed dojmy<\/a><\/li><li><a href=\"https:\/\/www.killcam.cz\/?p=686\">P\u0159elet<\/a><\/li><li><a href=\"https:\/\/www.killcam.cz\/?p=677\">\u010cundr na Novoborsku<\/a><\/li><li><a href=\"https:\/\/www.killcam.cz\/?p=653\">Zase p\u00e1r \u010d\u00edsel a galerie<\/a><\/li><li><a href=\"https:\/\/www.killcam.cz\/?p=651\">Druh\u00fd den v Portu<\/a><\/li><li><a href=\"https:\/\/www.killcam.cz\/?p=636\">Porto &#8211; prvn\u00ed dojmy<\/a><\/li><li><a href=\"https:\/\/www.killcam.cz\/?p=625\">Vigo<\/a><\/li><li><a href=\"https:\/\/www.killcam.cz\/?p=620\">Boiro &#8211; Padr\u00f3n &#8211; Vigo<\/a><\/li><li><a href=\"https:\/\/www.killcam.cz\/?p=614\">Santiago de Compostela<\/a><\/li><li><a href=\"https:\/\/www.killcam.cz\/?p=604\">Lluarca &#8211; Ribadeo<\/a><\/li><li><a href=\"https:\/\/www.killcam.cz\/?p=595\">Santillana del mar &#8211; Comillas &#8211; San Vincente de la Barquera<\/a><\/li><li><a href=\"https:\/\/www.killcam.cz\/?p=584\">Santander<\/a><\/li><li><a href=\"https:\/\/www.killcam.cz\/?p=571\">San Sebasti\u00e1n<\/a><\/li><li><a href=\"https:\/\/www.killcam.cz\/?p=560\">Pamplona<\/a><\/li><li><a href=\"https:\/\/www.killcam.cz\/?p=551\">Zaragoza<\/a><\/li><li><a href=\"https:\/\/www.killcam.cz\/?p=540\">Bambusov\u00e1 z\u00e1toka<\/a><\/li><li><a href=\"https:\/\/www.killcam.cz\/?p=534\">Lleida<\/a><\/li><li><a href=\"https:\/\/www.killcam.cz\/?p=525\">Katal\u00e1nsko<\/a><\/li><li><a href=\"https:\/\/www.killcam.cz\/?p=519\">Andorra<\/a><\/li><li><a href=\"https:\/\/www.killcam.cz\/?p=510\">Prats Balaguer<\/a><\/li><li><a href=\"https:\/\/www.killcam.cz\/?p=505\">Perpignan<\/a><\/li><li><a href=\"https:\/\/www.killcam.cz\/?p=497\">D\u00e1lnice A9<\/a><\/li><li><a href=\"https:\/\/www.killcam.cz\/?p=490\">Montpellier<\/a><\/li><li><a href=\"https:\/\/www.killcam.cz\/?p=484\">Salon de Provance<\/a><\/li><li><a href=\"https:\/\/www.killcam.cz\/?p=477\">Marseille<\/a><\/li><li><a href=\"https:\/\/www.killcam.cz\/?p=468\">Six-fours-les-plages<\/a><\/li><li><a href=\"https:\/\/www.killcam.cz\/?p=457\">Cannes<\/a><\/li><li><a href=\"https:\/\/www.killcam.cz\/?p=450\">Nice<\/a><\/li><li><a href=\"https:\/\/www.killcam.cz\/?p=443\">Monaco<\/a><\/li><li><a href=\"https:\/\/www.killcam.cz\/?p=430\">Imperia &#8211; Menton<\/a><\/li><li><a href=\"https:\/\/www.killcam.cz\/?p=422\">Janov &#8211; den druh\u00fd<\/a><\/li><li><a href=\"https:\/\/www.killcam.cz\/?p=406\">Janov<\/a><\/li><li><a href=\"https:\/\/www.killcam.cz\/?p=400\">EXPO<\/a><\/li><li><a href=\"https:\/\/www.killcam.cz\/?p=388\">Milano<\/a><\/li><li><a href=\"https:\/\/www.killcam.cz\/?p=383\">Bellinzona<\/a><\/li><li><a href=\"https:\/\/www.killcam.cz\/?p=379\">Chur<\/a><\/li><li><a href=\"https:\/\/www.killcam.cz\/?p=371\">Lichtensteinsko<\/a><\/li><li><a href=\"https:\/\/www.killcam.cz\/?p=363\">Feldkirch<\/a><\/li><li><a href=\"https:\/\/www.killcam.cz\/?p=356\">Patscherkofel<\/a><\/li><li><a href=\"https:\/\/www.killcam.cz\/?p=345\">Innsbruck<\/a><\/li><li><a href=\"https:\/\/www.killcam.cz\/?p=340\">Salzburg 2<\/a><\/li><li><a href=\"https:\/\/www.killcam.cz\/?p=328\">Salzburg<\/a><\/li><li><a href=\"https:\/\/www.killcam.cz\/?p=323\">Braunau<\/a><\/li><li><a href=\"https:\/\/www.killcam.cz\/?p=316\">Pasov<\/a><\/li><li><a href=\"https:\/\/www.killcam.cz\/?p=307\">On the road again<\/a><\/li><li><a href=\"https:\/\/www.killcam.cz\/?p=299\">Fotky a video<\/a><\/li><li><a href=\"https:\/\/www.killcam.cz\/?p=297\">Z\u00e1v\u011bre\u010dn\u00e1 statistika&#8230;<\/a><\/li><li><a href=\"https:\/\/www.killcam.cz\/?p=295\">Akamas<\/a><\/li><li><a href=\"https:\/\/www.killcam.cz\/?p=287\">P\u00e1tek, sobota a ned\u011ble<\/a><\/li><li><a href=\"https:\/\/www.killcam.cz\/?p=282\">Kypr<\/a><\/li><li><a href=\"https:\/\/www.killcam.cz\/?p=275\">Istanbul<\/a><\/li><li><a href=\"https:\/\/www.killcam.cz\/?p=268\">Druh\u00fd den ve Varn\u011b<\/a><\/li><li><a href=\"https:\/\/www.killcam.cz\/?p=254\">Varna<\/a><\/li><li><a href=\"https:\/\/www.killcam.cz\/?p=246\">1. den v Bulharsku<\/a><\/li><li><a href=\"https:\/\/www.killcam.cz\/?p=236\">Mangalia<\/a><\/li><li><a href=\"https:\/\/www.killcam.cz\/?p=218\">Jupiter<\/a><\/li><li><a href=\"https:\/\/www.killcam.cz\/?p=213\">Bukure\u0161\u0165<\/a><\/li><li><a href=\"https:\/\/www.killcam.cz\/?p=203\">Hrad Bran<\/a><\/li><li><a href=\"https:\/\/www.killcam.cz\/?p=197\">Bra\u015fov<\/a><\/li><li><a href=\"https:\/\/www.killcam.cz\/?p=192\">Do you have some knive?<\/a><\/li><li><a href=\"https:\/\/www.killcam.cz\/?p=190\">Festival pokra\u010duje<\/a><\/li><li><a href=\"https:\/\/www.killcam.cz\/?p=185\">Cluj-Napoca<\/a><\/li><li><a href=\"https:\/\/www.killcam.cz\/?p=180\">Tak u\u017e jsem v Rumunsku<\/a><\/li><li><a href=\"https:\/\/www.killcam.cz\/?p=177\">Debrec\u00edn<\/a><\/li><li><a href=\"https:\/\/www.killcam.cz\/?p=172\">Balaton &#8211; Budape\u0161\u0165<\/a><\/li><li><a href=\"https:\/\/www.killcam.cz\/?p=165\">Sun city<\/a><\/li><li><a href=\"https:\/\/www.killcam.cz\/?p=160\">Kone\u010dn\u011b na Balatonu<\/a><\/li><li><a href=\"https:\/\/www.killcam.cz\/?p=154\">Bratislava &#8211; Gy\u0151r<\/a><\/li><li><a href=\"https:\/\/www.killcam.cz\/?p=148\">D\u011bv\u00edn, Mikulov, B\u0159eclav<\/a><\/li><li><a href=\"https:\/\/www.killcam.cz\/?p=144\">Nov\u00e9 ml\u00fdny a D\u011bv\u00edn<\/a><\/li><li><a href=\"https:\/\/www.killcam.cz\/?p=142\">Dneska jsem se docela fl\u00e1kal<\/a><\/li><li><a href=\"https:\/\/www.killcam.cz\/?p=138\">Prvn\u00ed vakc\u00edna<\/a><\/li><li><a href=\"https:\/\/www.killcam.cz\/?p=27\">Uk\u00e1zalo se&#8230;<\/a><\/li><li><a href=\"https:\/\/www.killcam.cz\/?p=24\">Hamak verze 2.0<\/a><\/li><li><a href=\"https:\/\/www.killcam.cz\/?p=21\">Koupacka s filipem<\/a><\/li><li><a href=\"https:\/\/www.killcam.cz\/?p=16\">2 cats 1 mouse<\/a><\/li><li><a href=\"https:\/\/www.killcam.cz\/?p=13\">V\u00fdlet se Sa\u0161ou a Ka\u010denou<\/a><\/li><li><a href=\"https:\/\/www.killcam.cz\/?p=6\">Dneska prvn\u00ed span\u00ed v hamaku<\/a><\/li><\/ul>\n","protected":false},"excerpt":{"rendered":"","protected":false},"author":2,"featured_media":0,"parent":0,"menu_order":0,"comment_status":"closed","ping_status":"closed","template":"","meta":{"jetpack_post_was_ever_published":false,"footnotes":""},"class_list":["post-11120","page","type-page","status-publish","hentry"],"jetpack_sharing_enabled":true,"jetpack_shortlink":"https:\/\/wp.me\/P7jeMg-2Tm","jetpack_likes_enabled":true,"_links":{"self":[{"href":"https:\/\/www.killcam.cz\/index.php?rest_route=\/wp\/v2\/pages\/11120","targetHints":{"allow":["GET"]}}],"collection":[{"href":"https:\/\/www.killcam.cz\/index.php?rest_route=\/wp\/v2\/pages"}],"about":[{"href":"https:\/\/www.killcam.cz\/index.php?rest_route=\/wp\/v2\/types\/page"}],"author":[{"embeddable":true,"href":"https:\/\/www.killcam.cz\/index.php?rest_route=\/wp\/v2\/users\/2"}],"replies":[{"embeddable":true,"href":"https:\/\/www.killcam.cz\/index.php?rest_route=%2Fwp%2Fv2%2Fcomments&post=11120"}],"version-history":[{"count":1,"href":"https:\/\/www.killcam.cz\/index.php?rest_route=\/wp\/v2\/pages\/11120\/revisions"}],"predecessor-version":[{"id":11126,"href":"https:\/\/www.killcam.cz\/index.php?rest_route=\/wp\/v2\/pages\/11120\/revisions\/11126"}],"wp:attachment":[{"href":"https:\/\/www.killcam.cz\/index.php?rest_route=%2Fwp%2Fv2%2Fmedia&parent=11120"}],"curies":[{"name":"wp","href":"https:\/\/api.w.org\/{rel}","templated":true}]}}