{"id":11012,"date":"2018-02-25T11:37:00","date_gmt":"2018-02-25T10:37:00","guid":{"rendered":"http:\/\/www.killcam.cz\/?page_id=11012"},"modified":"2018-02-25T11:37:00","modified_gmt":"2018-02-25T10:37:00","slug":"cesko","status":"publish","type":"page","link":"https:\/\/www.killcam.cz\/?page_id=11012","title":{"rendered":"\u010cesko"},"content":{"rendered":"<ul class=\"lcp_catlist\" id=\"lcp_instance_0\"><li><a href=\"https:\/\/www.killcam.cz\/?p=11755\">Dovolen\u00e1 v \u010cesku<\/a><\/li><li><a href=\"https:\/\/www.killcam.cz\/?p=677\">\u010cundr na Novoborsku<\/a><\/li><li><a href=\"https:\/\/www.killcam.cz\/?p=27\">Uk\u00e1zalo se&#8230;<\/a><\/li><li><a href=\"https:\/\/www.killcam.cz\/?p=24\">Hamak verze 2.0<\/a><\/li><li><a href=\"https:\/\/www.killcam.cz\/?p=21\">Koupacka s filipem<\/a><\/li><li><a href=\"https:\/\/www.killcam.cz\/?p=16\">2 cats 1 mouse<\/a><\/li><li><a href=\"https:\/\/www.killcam.cz\/?p=13\">V\u00fdlet se Sa\u0161ou a Ka\u010denou<\/a><\/li><li><a href=\"https:\/\/www.killcam.cz\/?p=6\">Dneska prvn\u00ed span\u00ed v hamaku<\/a><\/li><\/ul>\n","protected":false},"excerpt":{"rendered":"","protected":false},"author":2,"featured_media":0,"parent":0,"menu_order":0,"comment_status":"closed","ping_status":"closed","template":"","meta":{"jetpack_post_was_ever_published":false,"footnotes":""},"class_list":["post-11012","page","type-page","status-publish","hentry"],"jetpack_sharing_enabled":true,"jetpack_shortlink":"https:\/\/wp.me\/P7jeMg-2RC","jetpack_likes_enabled":true,"_links":{"self":[{"href":"https:\/\/www.killcam.cz\/index.php?rest_route=\/wp\/v2\/pages\/11012","targetHints":{"allow":["GET"]}}],"collection":[{"href":"https:\/\/www.killcam.cz\/index.php?rest_route=\/wp\/v2\/pages"}],"about":[{"href":"https:\/\/www.killcam.cz\/index.php?rest_route=\/wp\/v2\/types\/page"}],"author":[{"embeddable":true,"href":"https:\/\/www.killcam.cz\/index.php?rest_route=\/wp\/v2\/users\/2"}],"replies":[{"embeddable":true,"href":"https:\/\/www.killcam.cz\/index.php?rest_route=%2Fwp%2Fv2%2Fcomments&post=11012"}],"version-history":[{"count":1,"href":"https:\/\/www.killcam.cz\/index.php?rest_route=\/wp\/v2\/pages\/11012\/revisions"}],"predecessor-version":[{"id":11018,"href":"https:\/\/www.killcam.cz\/index.php?rest_route=\/wp\/v2\/pages\/11012\/revisions\/11018"}],"wp:attachment":[{"href":"https:\/\/www.killcam.cz\/index.php?rest_route=%2Fwp%2Fv2%2Fmedia&parent=11012"}],"curies":[{"name":"wp","href":"https:\/\/api.w.org\/{rel}","templated":true}]}}